30.
18
Calculate the remainder when 53099 is divided by 53.
46
What is the remainder when 9713 is divided by 1306?
571
What is the remainder when 162 is divided by 92?
70
Calculate the remainder when 16845 is divided by 1055.
1020
What is the remainder when 177071 is divided by 51?
50
Calculate the remainder when 48496 is divided by 44.
8
Calculate the remainder when 280247 is divided by 327.
8
What is the remainder when 790 is divided by 258?
16
Calculate the remainder when 157707 is divided by 5.
2
What is the remainder when 65444 is divided by 661?
5
Calculate the remainder when 372472 is divided by 52.
48
What is the remainder when 312180 is divided by 194?
34
What is the remainder when 17294 is divided by 5758?
20
Calculate the remainder when 8625 is divided by 45.
30
Calculate the remainder when 4940 is divided by 446.
34
What is the remainder when 164157 is divided by 228?
225
Calculate the remainder when 2118727 is divided by 10.
7
What is the remainder when 3825 is divided by 500?
325
Calculate the remainder when 1585 is divided by 387.
37
Calculate the remainder when 1420719 is divided by 826.
825
Calculate the remainder when 3111 is divided by 30.
21
What is the remainder when 1520 is divided by 749?
22
What is the remainder when 19190 is divided by 59?
15
What is the remainder when 490 is divided by 138?
76
Calculate the remainder when 922357 is divided by 787.
780
Calculate the remainder when 833108 is divided by 457.
454
Calculate the remainder when 258751 is divided by 468.
415
Calculate the remainder when 9523 is divided by 600.
523
Calculate the remainder when 24160 is divided by 139.
113
What is the remainder when 9278 is divided by 20?
18
What is the remainder when 808840 is divided by 1096?
1088
Calculate the remainder when 9832 is divided by 4882.
68
What is the remainder when 21323 is divided by 21318?
5
Calculate the remainder when 10927 is divided by 2113.
362
What is the remainder when 98613 is divided by 84?
81
Calculate the remainder when 26032 is divided by 8647.
91
Calculate the remainder when 93461 is divided by 221.
199
What is the remainder when 7903 is divided by 172?
163
What is the remainder when 264818 is divided by 21?
8
What is the remainder when 2514 is divided by 160?
114
What is the remainder when 16683 is divided by 2300?
583
What is the remainder when 22566 is divided by 319?
236
What is the remainder when 375543 is divided by 203?
196
Calculate the remainder when 3516 is divided by 27.
6
Calculate the remainder when 27890 is divided by 2528.
82
What is the remainder when 81106 is divided by 619?
17
Calculate the remainder when 3716 is divided by 116.
4
Calculate the remainder when 489147 is divided by 740.
7
What is the remainder when 4688 is divided by 69?
65
Calculate the remainder when 981 is divided by 10.
1
What is the remainder when 6961 is divided by 164?
73
Calculate the remainder when 56490 is divided by 11274.
120
What is the remainder when 12795 is divided by 1613?
1504
What is the remainder when 1782 is divided by 317?
197
What is the remainder when 316746 is divided by 32?
10
Calculate the remainder when 9617 is divided by 1922.
7
Calculate the remainder when 16433 is divided by 438.
227
What is the remainder when 20703 is divided by 1033?
43
Calculate the remainder when 30478 is divided by 240.
238
What is the remainder when 11672 is divided by 9?
8
Calculate the remainder when 9465 is divided by 3137.
54
What is the remainder when 50384 is divided by 900?
884
What is the remainder when 7896 is divided by 609?
588
What is the remainder when 30245 is divided by 252?
5
What is the remainder when 29546 is divided by 1182?
1178
What is the remainder when 58422 is divided by 14602?
14
Calculate the remainder when 2534 is divided by 2229.
305
What is the remainder when 1737 is divided by 434?
1
What is the remainder when 107740 is divided by 26935?
0
Calculate the remainder when 2332 is divided by 24.
4
What is the remainder when 2910712 is divided by 1108?
1104
Calculate the remainder when 105649 is divided by 199.
179
What is the remainder when 88482 is divided by 351?
30
Calculate the remainder when 10543 is divided by 701.
28
What is the remainder when 735 is divided by 500?
235
Calculate the remainder when 14058 is divided by 72.
18
What is the remainder when 140737 is divided by 245?
107
What is the remainder when 292156 is divided by 29215?
6
What is the remainder when 62671 is divided by 39?
37
What is the remainder when 1069146 is divided by 54?
0
Calculate the remainder when 783146 is divided by 319.
1
What is the remainder when 7171 is divided by 61?
34
What is the remainder when 3294 is divided by 3255?
39
Calculate the remainder when 20843 is divided by 274.
19
What is the remainder when 93332 is divided by 32?
20
Calculate the remainder when 8557 is divided by 46.
1
What is the remainder when 1018 is divided by 126?
10
Calculate the remainder when 1484643 is divided by 186.
177
What is the remainder when 33577 is divided by 6?
1
What is the remainder when 33538 is divided by 5576?
82
What is the remainder when 2121359 is divided by 39?
32
Calculate the remainder when 34674 is divided by 1021.
981
What is the remainder when 4398 is divided by 4295?
103
What is the remainder when 15105 is divided by 134?
97
Calculate the remainder when 2257852 is divided by 31.
29
Calculate the remainder when 14002 is divided by 541.
477
Calculate the remainder when 174379 is divided by 19.
16
What is the remainder when 115277 is divided by 262?
259
Calculate the remainder when 233547 is divided by 27.
24
Calculate the remainder when 5875 is divided by 26.
25
What is the remainder when 868839 is divided by 535?
534
Calculate the remainder when 3732 is divided by 577.
270
What is the remainder when 13946 is divided by 499?
473
What is the remainder when 116659 is divided by 291?
259
What is the remainder when 1868 is divided by 115?
28
Calculate the remainder when 84912 is divided by 61.
0
Calculate the remainder when 101318 is divided by 11.
8
Calculate the remainder when 1137 is divided by 246.
153
Calculate the remainder when 4622 is divided by 462.
2
Calculate the remainder when 28699 is divided by 1684.
71
Calculate the remainder when 4267 is divided by 352.
43
What is the remainder when 134618 is divided by 107?
12
What is the remainder when 151 is divided by 38?
37
What is the remainder when 759779 is divided by 151954?
9
What is the remainder when 7174 is divided by 194?
190
What is the remainder when 14533 is divided by 7165?
203
What is the remainder when 34636 is divided by 251?
249
Calculate the remainder when 42767 is divided by 36.
35
Calculate the remainder when 78300 is divided by 2610.
0
What is the remainder when 6353 is divided by 205?
203
Calculate the remainder when 1505 is divided by 375.
5
What is the remainder when 210650 is divided by 116?
110
Calculate the remainder when 75725 is divided by 433.
383
What is the remainder when 55663 is divided by 54?
43
Calculate the remainder when 20797 is divided by 10357.
83
What is the remainder when 10973 is divided by 2194?
3
What is the remainder when 207863 is divided by 37?
34
What is the remainder when 447 is divided by 192?
63
What is the remainder when 4346 is divided by 1286?
488
What is the remainder when 254479 is divided by 38?
31
What is the remainder when 355127 is divided by 274?
23
Calculate the remainder when 14562 is divided by 104.
2
Calculate the remainder when 16432 is divided by 4102.
24
What is the remainder when 61361 is divided by 63?
62
Calculate the remainder when 253752 is divided by 976.
968
Calculate the remainder when 24815 is divided by 133.
77
Calculate the remainder when 3080 is divided by 1056.
968
Calculate the remainder when 950605 is divided by 383.
382
What is the remainder when 34084 is divided by 34078?
6
What is the remainder when 76012 is divided by 25216?
364
What is the remainder when 69549 is divided by 21?
18
Calculate the remainder when 616865 is divided by 737.
733
What is the remainder when 20223 is divided by 919?
5
What is the remainder when 87574 is divided by 113?
112
Calculate the remainder when 9502 is divided by 387.
214
Calculate the remainder when 17282 is divided by 2135.
